{"id":148,"date":"2025-06-20T01:28:13","date_gmt":"2025-06-20T01:28:13","guid":{"rendered":"https:\/\/procristian.es\/?page_id=148"},"modified":"2025-06-21T09:09:18","modified_gmt":"2025-06-21T09:09:18","slug":"diagnostico","status":"publish","type":"page","link":"https:\/\/procristian.es\/index.php\/diagnostico\/","title":{"rendered":"Diagnostico"},"content":{"rendered":"<div id=\"pl-148\"  class=\"panel-layout\" ><div id=\"pg-148-0\"  class=\"panel-grid panel-no-style\" ><div id=\"pgc-148-0-0\"  class=\"panel-grid-cell\" ><div id=\"panel-148-0-0-0\" class=\"so-panel widget widget_black-studio-tinymce widget_black_studio_tinymce panel-first-child panel-last-child\" data-index=\"0\" ><div class=\"textwidget\"><h2><span class=\"\" style=\"display:block;clear:both;height: 0px;padding-top: 20px;border-top-width:0px;border-bottom-width:0px;\"><\/span><\/h2>\n<h2 style=\"text-align: center;\"><b>\ud83e\udde0 <span style=\"color: #999999;\">Diagn\u00f3stico profesional<\/span><br \/>\n<span style=\"color: #999999;\">M\u00e1s de 25 a\u00f1os de experiencia a tu servicio<\/span><\/b><\/h2>\n<p class=\"p3\" style=\"text-align: center;\">\u00bfTu coche no arranca?<br \/>\n\u00bfEst\u00e1 en modo de emergencia (limp mode)?<br \/>\n\u00bfNotas que el motor no funciona como deber\u00eda?<\/p>\n<p class=\"p3\" style=\"text-align: center;\">Aqu\u00ed no hacemos diagn\u00f3sticos superficiales.<br \/>\nHacemos <span class=\"s2\"><b>diagn\u00f3stico de verdad.<\/b><b><\/b><\/span><\/p>\n<p class=\"p4\" style=\"text-align: center;\"><span class=\"s3\">Con m\u00e1s de <\/span><b>25 a\u00f1os de experiencia en el sector\u00a0<\/b><span class=\"s3\"><br \/>\nformaci\u00f3n especializada y herramientas<br \/>\nprofesionales de \u00faltima generaci\u00f3n,ofrezco<br \/>\n<\/span><b>servicios de diagn\u00f3stico profundo y preciso\u00a0<\/b><span class=\"s3\"><br \/>\nque muchas veces <\/span><b>no se encuentran en talleres convencionales<\/b><span class=\"s3\">.<\/span><\/p>\n<hr \/>\n<h3 style=\"text-align: center;\"><b>\ud83d\udd0d <span style=\"color: #999999;\">\u00bfQu\u00e9 tipos de diagn\u00f3stico realizo?<\/span><\/b><\/h3>\n<p class=\"p1\" style=\"text-align: center;\">Veh\u00edculo no arranca o se apaga sin motivo<\/p>\n<p class=\"p1\" style=\"text-align: center;\">Fallos en el motor, p\u00e9rdida de potencia<\/p>\n<p class=\"p1\" style=\"text-align: center;\"><span class=\"s1\">Veh\u00edculo en <\/span><b>modo de emergencia<br \/>\n(limp mode)<\/b><b><\/b><\/p>\n<p class=\"p1\" style=\"text-align: center;\"><span class=\"s1\"><b>An\u00e1lisis completo del ECU<br \/>\n<\/b><\/span> (centralita electr\u00f3nica)<\/p>\n<p class=\"p1\" style=\"text-align: center;\">Verificaci\u00f3n de sensores, cableado,<br \/>\nm\u00f3dulos electr\u00f3nicos<br \/>\n<b>Lectura y an\u00e1lisis de fallos reales\u00a0<\/b><span class=\"s1\"><br \/>\nno solo lo que dice el OBD<\/span><\/p>\n<hr \/>\n<h3 style=\"text-align: center;\"><b>\ud83d\udee0<span style=\"color: #999999;\"> Diagn\u00f3stico pre-compra y verificaci\u00f3n de da\u00f1os ocultos<\/span><\/b><\/h3>\n<p class=\"p3\" style=\"text-align: center;\">Antes de comprar un veh\u00edculo de segunda mano,<br \/>\nte recomiendo una revisi\u00f3n completa que incluye:<\/p>\n<p class=\"p1\" style=\"text-align: center;\"><b>Inspecci\u00f3n electr\u00f3nica total<\/b><b><\/b><\/p>\n<p class=\"p1\" style=\"text-align: center;\">An\u00e1lisis de la centralita para detectar manipulaciones<\/p>\n<p class=\"p1\" style=\"text-align: center;\">Verificaci\u00f3n estructural:<br \/>\nchasis, soldaduras, puntos de impacto.<\/p>\n<p class=\"p1\" style=\"text-align: center;\"><span class=\"s1\"><b>Estudio de la pintura<\/b><\/span> para detectar si el coche<br \/>\nha sido repintado o reparado por accidente<\/p>\n<hr \/>\n<h3 style=\"text-align: center;\"><b>\ud83c\udfaf <span style=\"color: #999999;\">Mi compromiso<\/span><\/b><\/h3>\n<p class=\"p3\" style=\"text-align: center;\">\u2705 Diagn\u00f3stico hecho por un experto, <span class=\"s2\"><b>no por un aprendiz con una tablet<\/b><b><\/b><\/span><\/p>\n<p class=\"p3\" style=\"text-align: center;\">\u2705 Transparencia total: te explico cada paso y cada resultado<\/p>\n<p class=\"p3\" style=\"text-align: center;\">\u2705 Soluciones reales, sin cambiar piezas a ciegas<\/p>\n<hr \/>\n<h3 style=\"text-align: center;\"><b>\ud83d\udccd <span style=\"color: #999999;\">Servicio m\u00f3vil en la provincia de M\u00e1laga<\/span><\/b><\/h3>\n<p class=\"p3\" style=\"text-align: center;\">Me desplazo a domicilio para mayor comodidad.<br \/>\nDonde est\u00e9s t\u00fa, llego yo<br \/>\ncon conocimiento, experiencia y pasi\u00f3n por los coches.<\/p>\n<\/div><\/div><\/div><\/div><\/div>","protected":false},"excerpt":{"rendered":"<p>\ud83e\udde0 Diagn\u00f3stico profesional M\u00e1s de 25 a\u00f1os de experiencia a tu servicio \u00bfTu coche no arranca? \u00bfEst\u00e1 en modo de emergencia (limp mode)? \u00bfNotas que el motor no funciona como deber\u00eda? Aqu\u00ed no hacemos diagn\u00f3sticos superficiales. Hacemos diagn\u00f3stico de verdad. Con m\u00e1s de 25 a\u00f1os de experiencia en el sector\u00a0 formaci\u00f3n especializada y herramientas profesionales <a class=\"moretag\" href=\"https:\/\/procristian.es\/index.php\/diagnostico\/\">Read More &#8230;<\/a><\/p>\n","protected":false},"author":1,"featured_media":0,"parent":0,"menu_order":0,"comment_status":"closed","ping_status":"closed","template":"full-width-page.php","meta":{"footnotes":""},"class_list":["post-148","page","type-page","status-publish","hentry"],"_links":{"self":[{"href":"https:\/\/procristian.es\/index.php\/wp-json\/wp\/v2\/pages\/148","targetHints":{"allow":["GET"]}}],"collection":[{"href":"https:\/\/procristian.es\/index.php\/wp-json\/wp\/v2\/pages"}],"about":[{"href":"https:\/\/procristian.es\/index.php\/wp-json\/wp\/v2\/types\/page"}],"author":[{"embeddable":true,"href":"https:\/\/procristian.es\/index.php\/wp-json\/wp\/v2\/users\/1"}],"replies":[{"embeddable":true,"href":"https:\/\/procristian.es\/index.php\/wp-json\/wp\/v2\/comments?post=148"}],"version-history":[{"count":10,"href":"https:\/\/procristian.es\/index.php\/wp-json\/wp\/v2\/pages\/148\/revisions"}],"predecessor-version":[{"id":259,"href":"https:\/\/procristian.es\/index.php\/wp-json\/wp\/v2\/pages\/148\/revisions\/259"}],"wp:attachment":[{"href":"https:\/\/procristian.es\/index.php\/wp-json\/wp\/v2\/media?parent=148"}],"curies":[{"name":"wp","href":"https:\/\/api.w.org\/{rel}","templated":true}]}}