{"id":36,"date":"2025-06-19T19:16:06","date_gmt":"2025-06-19T19:16:06","guid":{"rendered":"https:\/\/procristian.es\/?page_id=36"},"modified":"2025-07-04T12:20:44","modified_gmt":"2025-07-04T12:20:44","slug":"inicio","status":"publish","type":"page","link":"https:\/\/procristian.es\/","title":{"rendered":"Inicio"},"content":{"rendered":"<div id=\"pl-36\"  class=\"panel-layout\" ><div id=\"pg-36-0\"  class=\"panel-grid panel-no-style\" ><div id=\"pgc-36-0-0\"  class=\"panel-grid-cell\" ><div id=\"panel-36-0-0-0\" class=\"so-panel widget widget_black-studio-tinymce widget_black_studio_tinymce panel-first-child panel-last-child\" data-index=\"0\" ><div class=\"textwidget\"><p><span class=\"\" style=\"display:block;clear:both;height: 0px;padding-top: 10px;border-top-width:0px;border-bottom-width:0px;\"><\/span><\/p>\n<h2 style=\"text-align: center;\"><span style=\"color: #ccffcc;\"><strong>Todo lo que tu coche necesita, en un solo lugar!<\/strong><\/span><\/h2>\n<p style=\"text-align: center;\"><span style=\"font-size: 18pt; font-family: times new roman, times, serif;\">Ofrecemos servicios<br \/>\n<\/span><span style=\"font-size: 18pt; font-family: times new roman, times, serif;\"> especializados para tu veh\u00edculo<br \/>\n<\/span><\/p>\n<p>&nbsp;<\/p>\n<h3 style=\"text-align: center;\"><b>\ud83d\udcf1 <span style=\"color: #999999;\">Tel\u00e9fono \/ WhatsApp:<\/span><\/b><\/h3>\n<p class=\"p3\" style=\"text-align: center;\"><span style=\"font-size: 18pt;\"><strong>+34 672 11 94 55<\/strong><\/span><\/p>\n<\/div><\/div><\/div><\/div><div id=\"pg-36-1\"  class=\"panel-grid panel-no-style\" ><div id=\"pgc-36-1-0\"  class=\"panel-grid-cell\" ><div id=\"panel-36-1-0-0\" class=\"so-panel widget widget_black-studio-tinymce widget_black_studio_tinymce panel-first-child panel-last-child\" data-index=\"1\" ><div class=\"textwidget\"><p style=\"text-align: center;\"><span style=\"font-size: 18pt; font-family: times new roman, times, serif;\">En <strong>Pro Cristian<\/strong> realizamos:<\/span><\/p>\n<p>&nbsp;<\/p>\n<p style=\"text-align: center;\"><a href=\"https:\/\/procristian.es\/index.php\/diagnostico\/\"><span style=\"font-size: 14pt; font-family: times new roman, times, serif; color: #999999;\"><strong>Diagn\u00f3stico electr\u00f3nico avanzado<\/strong><\/span><\/a><\/p>\n<p>&nbsp;<\/p>\n<p style=\"text-align: center;\"><a href=\"https:\/\/procristian.es\/index.php\/tuning\/\"><span style=\"font-size: 14pt; font-family: times new roman, times, serif; color: #999999;\"><strong>Potenciaci\u00f3n segura del motor (Tuning)<\/strong><\/span><\/a><\/p>\n<p>&nbsp;<\/p>\n<p style=\"text-align: center;\"><a href=\"https:\/\/procristian.es\/index.php\/reparacion\/\"><span style=\"font-size: 14pt; font-family: times new roman, times, serif; color: #999999;\"><strong>Reparaci\u00f3n de centralitas y clonaci\u00f3n<br \/>\nm\u00f3dulos de airbag, ECU...<\/strong><\/span><\/a><\/p>\n<p>&nbsp;<\/p>\n<p style=\"text-align: center;\"><a href=\"https:\/\/procristian.es\/index.php\/dpf-egr-adblue\/\"><span style=\"font-size: 14pt; font-family: times new roman, times, serif; color: #999999;\"><strong>Reprogramaci\u00f3n ECU: DPF, EGR<br \/>\nAdBlue (SCR), DTC<\/strong><\/span><\/a><\/p>\n<p>&nbsp;<\/p>\n<p style=\"text-align: center;\"><a href=\"https:\/\/procristian.es\/index.php\/305-2\/\"><span style=\"color: #999999;\"><strong><span style=\"font-size: 14pt;\"><span style=\"font-family: times new roman, times, serif;\">C\u00f3digo<\/span> Radio<\/span><\/strong><\/span><\/a><\/p>\n<p>&nbsp;<\/p>\n<p style=\"text-align: center;\"><a href=\"https:\/\/procristian.es\/index.php\/furgoneta-a-tu-servicio\/\"><span style=\"font-size: 14pt; font-family: times new roman, times, serif; color: #999999;\"><strong>Transporte r\u00e1pido y profesional<br \/>\ncon furgoneta<\/strong><\/span><\/a><\/p>\n<p>&nbsp;<\/p>\n<h4 style=\"text-align: center;\"><strong><span style=\"color: #999999; font-family: times new roman, times, serif; font-size: 14pt;\">Fotograf\u00eda de Producto Profesional<\/span><\/strong><\/h4>\n<p>&nbsp;<\/p>\n<p style=\"text-align: center;\"><span style=\"font-size: 14pt; font-family: times new roman, times, serif;\">Experiencia, precisi\u00f3n y atenci\u00f3n<br \/>\npersonalizada a tu servicio.<\/span><\/p>\n<\/div><\/div><\/div><\/div><div id=\"pg-36-2\"  class=\"panel-grid panel-no-style\" ><div id=\"pgc-36-2-0\"  class=\"panel-grid-cell\" ><div id=\"panel-36-2-0-0\" class=\"so-panel widget widget_black-studio-tinymce widget_black_studio_tinymce panel-first-child\" data-index=\"2\" ><div class=\"textwidget\"><p><a href=\"https:\/\/procristian.es\/index.php\/diagnostico\/\"><img loading=\"lazy\" decoding=\"async\" class=\"size-medium wp-image-131 aligncenter\" src=\"https:\/\/procristian.es\/wp-content\/uploads\/2025\/06\/Diagnostico-300x169.png\" alt=\"\" width=\"300\" height=\"169\" srcset=\"https:\/\/procristian.es\/wp-content\/uploads\/2025\/06\/Diagnostico-300x169.png 300w, https:\/\/procristian.es\/wp-content\/uploads\/2025\/06\/Diagnostico-1024x576.png 1024w, https:\/\/procristian.es\/wp-content\/uploads\/2025\/06\/Diagnostico-768x432.png 768w, https:\/\/procristian.es\/wp-content\/uploads\/2025\/06\/Diagnostico.png 1366w\" sizes=\"auto, (max-width: 300px) 100vw, 300px\" \/><\/a><\/p>\n<\/div><\/div><div id=\"panel-36-2-0-1\" class=\"so-panel widget widget_black-studio-tinymce widget_black_studio_tinymce\" data-index=\"3\" ><div class=\"textwidget\"><p><a href=\"https:\/\/procristian.es\/index.php\/reparacion\/\"><img loading=\"lazy\" decoding=\"async\" class=\"alignnone size-medium wp-image-143 aligncenter\" src=\"https:\/\/procristian.es\/wp-content\/uploads\/2025\/06\/Reparation-ECU-300x169.png\" alt=\"\" width=\"300\" height=\"169\" srcset=\"https:\/\/procristian.es\/wp-content\/uploads\/2025\/06\/Reparation-ECU-300x169.png 300w, https:\/\/procristian.es\/wp-content\/uploads\/2025\/06\/Reparation-ECU-1024x576.png 1024w, https:\/\/procristian.es\/wp-content\/uploads\/2025\/06\/Reparation-ECU-768x432.png 768w, https:\/\/procristian.es\/wp-content\/uploads\/2025\/06\/Reparation-ECU.png 1366w\" sizes=\"auto, (max-width: 300px) 100vw, 300px\" \/><\/a><\/p>\n<\/div><\/div><div id=\"panel-36-2-0-2\" class=\"so-panel widget widget_black-studio-tinymce widget_black_studio_tinymce panel-last-child\" data-index=\"4\" ><div class=\"textwidget\"><p><a href=\"https:\/\/procristian.es\/index.php\/305-2\/\"><img loading=\"lazy\" decoding=\"async\" class=\"size-medium wp-image-316 aligncenter\" src=\"https:\/\/procristian.es\/wp-content\/uploads\/2025\/06\/Codigo-Radio-300x168.jpeg\" alt=\"\" width=\"300\" height=\"168\" srcset=\"https:\/\/procristian.es\/wp-content\/uploads\/2025\/06\/Codigo-Radio-300x168.jpeg 300w, https:\/\/procristian.es\/wp-content\/uploads\/2025\/06\/Codigo-Radio.jpeg 474w\" sizes=\"auto, (max-width: 300px) 100vw, 300px\" \/><\/a><\/p>\n<\/div><\/div><\/div><div id=\"pgc-36-2-1\"  class=\"panel-grid-cell\" ><div id=\"panel-36-2-1-0\" class=\"so-panel widget widget_black-studio-tinymce widget_black_studio_tinymce panel-first-child\" data-index=\"5\" ><div class=\"textwidget\"><p><a href=\"https:\/\/procristian.es\/index.php\/furgoneta-a-tu-servicio\/\"><img loading=\"lazy\" decoding=\"async\" class=\"alignnone size-medium wp-image-134 aligncenter\" src=\"https:\/\/procristian.es\/wp-content\/uploads\/2025\/06\/Tu-carga-300x169.png\" alt=\"\" width=\"300\" height=\"169\" srcset=\"https:\/\/procristian.es\/wp-content\/uploads\/2025\/06\/Tu-carga-300x169.png 300w, https:\/\/procristian.es\/wp-content\/uploads\/2025\/06\/Tu-carga-1024x576.png 1024w, https:\/\/procristian.es\/wp-content\/uploads\/2025\/06\/Tu-carga-768x432.png 768w, https:\/\/procristian.es\/wp-content\/uploads\/2025\/06\/Tu-carga.png 1366w\" sizes=\"auto, (max-width: 300px) 100vw, 300px\" \/><\/a><\/p>\n<\/div><\/div><div id=\"panel-36-2-1-1\" class=\"so-panel widget widget_black-studio-tinymce widget_black_studio_tinymce panel-last-child\" data-index=\"6\" ><div class=\"textwidget\"><p><a href=\"https:\/\/procristian.es\/index.php\/dpf-egr-adblue\/\"><img loading=\"lazy\" decoding=\"async\" class=\"size-medium wp-image-133 aligncenter\" src=\"https:\/\/procristian.es\/wp-content\/uploads\/2025\/06\/Reprogramacion-de-la-centralita-para-300x169.png\" alt=\"\" width=\"300\" height=\"169\" srcset=\"https:\/\/procristian.es\/wp-content\/uploads\/2025\/06\/Reprogramacion-de-la-centralita-para-300x169.png 300w, https:\/\/procristian.es\/wp-content\/uploads\/2025\/06\/Reprogramacion-de-la-centralita-para-1024x576.png 1024w, https:\/\/procristian.es\/wp-content\/uploads\/2025\/06\/Reprogramacion-de-la-centralita-para-768x432.png 768w, https:\/\/procristian.es\/wp-content\/uploads\/2025\/06\/Reprogramacion-de-la-centralita-para.png 1366w\" sizes=\"auto, (max-width: 300px) 100vw, 300px\" \/><\/a><\/p>\n<\/div><\/div><\/div><div id=\"pgc-36-2-2\"  class=\"panel-grid-cell\" ><div id=\"panel-36-2-2-0\" class=\"so-panel widget widget_black-studio-tinymce widget_black_studio_tinymce panel-first-child\" data-index=\"7\" ><div class=\"textwidget\"><p><a href=\"https:\/\/procristian.es\/index.php\/tuning\/\"><img loading=\"lazy\" decoding=\"async\" class=\"size-medium wp-image-132 aligncenter\" src=\"https:\/\/procristian.es\/wp-content\/uploads\/2025\/06\/Potential-300x169.png\" alt=\"\" width=\"300\" height=\"169\" srcset=\"https:\/\/procristian.es\/wp-content\/uploads\/2025\/06\/Potential-300x169.png 300w, https:\/\/procristian.es\/wp-content\/uploads\/2025\/06\/Potential-1024x576.png 1024w, https:\/\/procristian.es\/wp-content\/uploads\/2025\/06\/Potential-768x432.png 768w, https:\/\/procristian.es\/wp-content\/uploads\/2025\/06\/Potential.png 1366w\" sizes=\"auto, (max-width: 300px) 100vw, 300px\" \/><\/a><\/p>\n<\/div><\/div><div id=\"panel-36-2-2-1\" class=\"so-panel widget widget_black-studio-tinymce widget_black_studio_tinymce panel-last-child\" data-index=\"8\" ><div class=\"textwidget\"><p><a href=\"https:\/\/procristian.es\/index.php\/airbag\/\"><img loading=\"lazy\" decoding=\"async\" class=\"alignnone size-medium wp-image-146 aligncenter\" src=\"https:\/\/procristian.es\/wp-content\/uploads\/2025\/06\/Airbag-300x169.png\" alt=\"\" width=\"300\" height=\"169\" srcset=\"https:\/\/procristian.es\/wp-content\/uploads\/2025\/06\/Airbag-300x169.png 300w, https:\/\/procristian.es\/wp-content\/uploads\/2025\/06\/Airbag-1024x576.png 1024w, https:\/\/procristian.es\/wp-content\/uploads\/2025\/06\/Airbag-768x432.png 768w, https:\/\/procristian.es\/wp-content\/uploads\/2025\/06\/Airbag.png 1366w\" sizes=\"auto, (max-width: 300px) 100vw, 300px\" \/><\/a><\/p>\n<\/div><\/div><\/div><\/div><\/div>","protected":false},"excerpt":{"rendered":"<p>Todo lo que tu coche necesita, en un solo lugar! Ofrecemos servicios especializados para tu veh\u00edculo &nbsp; \ud83d\udcf1 Tel\u00e9fono \/ WhatsApp: +34 672 11 94 55 En Pro Cristian realizamos: &nbsp; Diagn\u00f3stico electr\u00f3nico avanzado &nbsp; Potenciaci\u00f3n segura del motor (Tuning) &nbsp; Reparaci\u00f3n de centralitas y clonaci\u00f3n m\u00f3dulos de airbag, ECU&#8230; &nbsp; Reprogramaci\u00f3n ECU: DPF, EGR <a class=\"moretag\" href=\"https:\/\/procristian.es\/\">Read More &#8230;<\/a><\/p>\n","protected":false},"author":1,"featured_media":0,"parent":0,"menu_order":0,"comment_status":"closed","ping_status":"closed","template":"full-width-page.php","meta":{"footnotes":""},"class_list":["post-36","page","type-page","status-publish","hentry"],"_links":{"self":[{"href":"https:\/\/procristian.es\/index.php\/wp-json\/wp\/v2\/pages\/36","targetHints":{"allow":["GET"]}}],"collection":[{"href":"https:\/\/procristian.es\/index.php\/wp-json\/wp\/v2\/pages"}],"about":[{"href":"https:\/\/procristian.es\/index.php\/wp-json\/wp\/v2\/types\/page"}],"author":[{"embeddable":true,"href":"https:\/\/procristian.es\/index.php\/wp-json\/wp\/v2\/users\/1"}],"replies":[{"embeddable":true,"href":"https:\/\/procristian.es\/index.php\/wp-json\/wp\/v2\/comments?post=36"}],"version-history":[{"count":93,"href":"https:\/\/procristian.es\/index.php\/wp-json\/wp\/v2\/pages\/36\/revisions"}],"predecessor-version":[{"id":354,"href":"https:\/\/procristian.es\/index.php\/wp-json\/wp\/v2\/pages\/36\/revisions\/354"}],"wp:attachment":[{"href":"https:\/\/procristian.es\/index.php\/wp-json\/wp\/v2\/media?parent=36"}],"curies":[{"name":"wp","href":"https:\/\/api.w.org\/{rel}","templated":true}]}}